{"id":164,"date":"2020-06-08T08:07:35","date_gmt":"2020-06-08T07:07:35","guid":{"rendered":"http:\/\/fiskebekk.mikkel.demo1.no\/?page_id=164"},"modified":"2021-12-13T16:22:03","modified_gmt":"2021-12-13T15:22:03","slug":"restaurering","status":"publish","type":"page","link":"https:\/\/www.sollidlaft.no\/?page_id=164","title":{"rendered":"Restaurering"},"content":{"rendered":"\n<p>Sollid Lafteverkstad har ogs\u00e5 restaurering av t\u00f8mmerhus p\u00e5 menyen. Var i Kong Olavs tjeneste i mange \u00e5r , med blant anna restaurering av Kongsseteren p\u00e5 Voksenkollen og Prinsehytta i Sikkelsdalen.<\/p>\n\n\n\n<p><\/p>\n\n\n\n<figure class=\"wp-block-image size-large is-resized\"><img loading=\"lazy\" src=\"http:\/\/fiskebekk.mikkel.demo1.no\/wp-content\/uploads\/2020\/06\/DSCN3191.jpg\" alt=\"\" class=\"wp-image-77\" width=\"498\" height=\"374\" srcset=\"https:\/\/www.sollidlaft.no\/wp-content\/uploads\/2020\/06\/DSCN3191.jpg 500w, https:\/\/www.sollidlaft.no\/wp-content\/uploads\/2020\/06\/DSCN3191-300x225.jpg 300w\" sizes=\"(max-width: 498px) 100vw, 498px\" \/><figcaption> Kroningsbilde 1991. Veggm\u00e5leri fr\u00e5 verkstaden ved Gjevarvatnet.<\/figcaption><\/figure>\n\n\n\n<figure class=\"wp-block-image size-large\"><img loading=\"lazy\" width=\"300\" height=\"420\" src=\"http:\/\/fiskebekk.mikkel.demo1.no\/wp-content\/uploads\/2020\/06\/IMAG0168.jpg\" alt=\"\" class=\"wp-image-96\" srcset=\"https:\/\/www.sollidlaft.no\/wp-content\/uploads\/2020\/06\/IMAG0168.jpg 300w, https:\/\/www.sollidlaft.no\/wp-content\/uploads\/2020\/06\/IMAG0168-214x300.jpg 214w\" sizes=\"(max-width: 300px) 100vw, 300px\" \/><\/figure>\n\n\n\n<p>Perspektiv tegning som leda fram til ny konstruksjon<\/p>\n\n\n\n<p>p\u00e5 Kongseteren , Voksenkollen.<\/p>\n\n\n\n<p><\/p>\n","protected":false},"excerpt":{"rendered":"<p>Sollid Lafteverkstad har ogs\u00e5 restaurering av t\u00f8mmerhus p\u00e5 menyen. Var i Kong Olavs tjeneste i mange \u00e5r , med blant anna restaurering av Kongsseteren p\u00e5 Voksenkollen og Prinsehytta i Sikkelsdalen. Perspektiv tegning som leda fram til ny konstruksjon p\u00e5 Kongseteren , Voksenkollen.<\/p>\n","protected":false},"author":1,"featured_media":0,"parent":0,"menu_order":0,"comment_status":"closed","ping_status":"closed","template":"","meta":[],"_links":{"self":[{"href":"https:\/\/www.sollidlaft.no\/index.php?rest_route=\/wp\/v2\/pages\/164"}],"collection":[{"href":"https:\/\/www.sollidlaft.no\/index.php?rest_route=\/wp\/v2\/pages"}],"about":[{"href":"https:\/\/www.sollidlaft.no\/index.php?rest_route=\/wp\/v2\/types\/page"}],"author":[{"embeddable":true,"href":"https:\/\/www.sollidlaft.no\/index.php?rest_route=\/wp\/v2\/users\/1"}],"replies":[{"embeddable":true,"href":"https:\/\/www.sollidlaft.no\/index.php?rest_route=%2Fwp%2Fv2%2Fcomments&post=164"}],"version-history":[{"count":4,"href":"https:\/\/www.sollidlaft.no\/index.php?rest_route=\/wp\/v2\/pages\/164\/revisions"}],"predecessor-version":[{"id":199,"href":"https:\/\/www.sollidlaft.no\/index.php?rest_route=\/wp\/v2\/pages\/164\/revisions\/199"}],"wp:attachment":[{"href":"https:\/\/www.sollidlaft.no\/index.php?rest_route=%2Fwp%2Fv2%2Fmedia&parent=164"}],"curies":[{"name":"wp","href":"https:\/\/api.w.org\/{rel}","templated":true}]}}